he greatest common divisor of o and x?
2
Let m = -123 - -243. Let d = 16 - 15. Let u be (3/(-4))/(d/(-32)). What is the highest common divisor of m and u?
24
Suppose 0 = 2*z + 2*g - 7234, 0 = -4*g + 39 - 71. Calculate the greatest common divisor of z and 58.
29
Let x be (-6)/(((-3)/408)/((-36)/(-216))). What is the greatest common divisor of 238 and x?
34
Suppose 0 = 5*m - x - 20312, -m = 4*x + x - 4104. Calculate the greatest common divisor of m and 127.
127
Suppose -5*g - 3*s = 293 - 469, 2*g + 5*s = 97. Let v be 62/4*(1 + 1). What is the greatest common divisor of v and g?
31
Suppose 44 = -8*i + 10*i. Suppose -j + 16 = -3*s, 4*j - i = -4*s + 10. Calculate the greatest common factor of j and 30.
10
Suppose 385*m - 5222 - 3937 = -1844. Suppose 2*b - 918 = -3*s, -5*s - 2*b + 1505 = -7*b. Calculate the greatest common divisor of s and m.
19
Let a(c) = 2*c - 4. Let h be a(5). Let r(l) = l**3 - l**2 + 17*l + 4. Let v be r(-5). Let d = -213 - v. What is the highest common divisor of d and h?
6
Suppose -2*n + 5*b = -200 + 78, 0 = n - 3*b - 63. Let x = n + 354. Calculate the highest common factor of x and 15.
15
Suppose 0 = 2*m - 6, -4*s + 6 + 21 = 5*m. Suppose 0 = s*r - 1865 + 569. Calculate the highest common factor of r and 16.
16
Suppose -4*s + 42 = -14. Let i(h) = -2*h + 31. Let g be i(s). What is the greatest common divisor of 51 and g?
3
Let q(b) = 38*b + 273. Let a be q(-7). Suppose 10 = -3*i + 4*i. Let z(c) = -c**2 + 10*c + 14. Let h be z(i). What is the highest common divisor of h and a?
7
Let h(o) = -39*o**3 + 4*o**2 + 2*o - 1. Let q = 594 - 595. Let m be h(q). Calculate the highest common factor of m and 40.
40
Let l = -111 - -201. Let u be (4 + -10)/(-6)*35. Suppose k = 3*n - 2*n + u, 2*k = -3*n + 75. What is the highest common factor of k and l?
18
Suppose -5*j + 70 = -155. Suppose -63*v - 7188 = -12712 - 7706. Calculate the greatest common factor of j and v.
15
Suppose 30717*y + 1200 = 30733*y. What is the highest common factor of y and 3425?
25
Let b be -6 + 32/20*1*-235*-4. Calculate the highest common factor of b and 98.
14
Let f(u) = u**3 - 7*u**2 + 11*u - 2. Let h be f(5). Suppose -47 = w - h*t - 341, -582 = -2*w + 4*t. Calculate the greatest common divisor of 15 and w.
15
Let p = 908 + -495. Let l = p + -411. Calculate the greatest common divisor of 8 and l.
2
Let u(s) = -2*s**2 - 6*s + 65. Let z be u(5). Let w = z + 51. What is the greatest common divisor of 4 and w?
4
Let m = 16889 - 11799. Calculate the highest common divisor of m and 10.
10
Let d(z) be the third derivative of 3*z**4/8 + 11*z**3/6 - 88*z**2. Let s be d(3). Calculate the highest common divisor of s and 57.
19
Suppose a + a - 60 = 0. Let r be 44/165*-50*54/(-15). What is the highest common factor of a and r?
6
Suppose -20 = -4*j + 32. Let r = -5 + j. Suppose 15 + 0 + 17 = 16*a. What is the highest common divisor of r and a?
2
Suppose -754*g + 51012 = -100*g. Let q = 50 + -24. What is the highest common divisor of q and g?
26
Let b(m) = -m + 1. Let w(j) = 15*j + 12 - 3 + 5. Let u(i) = 6*b(i) - w(i). Let g be u(-2). What is the greatest common factor of 34 and g?
34
Let b be 3/(-6) - (-104)/16. Let m(t) = b - 57*t - 19 + 11. Let l be m(-2). What is the greatest common divisor of l and 14?
14
Suppose 89*t = n + 87*t - 563, n - t = 565. What is the highest common divisor of n and 729?
81
Suppose -u - 10*u = -11. Let o be 24 - 5/u - 4. Let k be 60*2*5/10. Calculate the greatest common divisor of k and o.
15
Let c(y) = -y**3 + 28*y**2 + 32*y - 85. Let x be c(29). Suppose -5*m - 374 = -2*q - 0*q, -x*q + 374 = 4*m. Calculate the greatest common divisor of 11 and q.
11
Let g(d) = -2*d**2 + 52*d + 3. Let n be g(26). Suppose -340 = -n*w - 2*j - 104, 0 = 3*w - j - 242. What is the greatest common divisor of 16 and w?
16
Suppose -964 + 3412 = 19*i - 1656. What is the highest common divisor of i and 888?
24
Suppose -459 - 3 = -21*q. Let k = 40 + q. Calculate the greatest common divisor of k and 6.
2
Suppose u = -2*p + 26, 2*p - 2*u - 32 = -6. Suppose -490 = p*c - 20*c. Calculate the highest common factor of 42 and c.
14
Let i = 16325 - 15485. Calculate the highest common factor of i and 2415.
105
Let h(x) = 512*x**3 + 2*x**2 - 34*x + 33. Let g be h(1). Calculate the greatest common divisor of 152 and g.
19
Let f(j) = 574*j**3 + 6*j**2 - 7. Let a be f(1). Calculate the highest common divisor of a and 764.
191
Let f(z) = 112*z + 1239. Let u be f(-10). What is the highest common factor of u and 1292?
17
Let b be 3/2*(-8950)/75. Let q = -149 - b. Suppose 0 = 3*c - 0*c - q. What is the highest common divisor of 70 and c?
10
Suppose a - 687 + 20 = 0. Let v be 0 - 23*(-25 + 24). Calculate the greatest common factor of v and a.
23
Let s(n) = n**2 - 2*n + 2. Let a be s(-4). Let d = a + -14. Let b(o) = 2467*o + 17305. Let p be b(-7). Calculate the highest common factor of p and d.
12
Suppose -5*s = -h - 35, 7 = -4*h - 13. Let x be 1117/s - ((-56)/48)/(-7). Calculate the greatest common divisor of 62 and x.
62
Let p be ((-9)/3)/6*0. Suppose -38*o + 2*u - 53 = -39*o, -o + 3*u + 43 = p. Calculate the greatest common factor of 539 and o.
49
Let v(q) = -8*q**3 + 5*q**2 + 6*q - 7. Let f be v(6). Let b be (0 + 1)/(9/(-189)). Let u be f/b - (-2)/(-6). Calculate the highest common divisor of u and 18.
18
Let k(u) = u**2 - 5*u - 26. Let x be k(-4). Let o be x/2*2460/75. Calculate the highest common factor of o and 16.
4
Let p(m) = 16*m + 4. Let f be p(5). Let t = f + -24. Suppose -2*g = 2*g - t. What is the greatest common divisor of 5 and g?
5
Suppose 2*d - 20 + 113 = x, 0 = -x - 3*d + 98. What is the highest common factor of x and 10?
5
Let w = -55 - -61. Let f(o) = 3*o**2 - 23*o. Let v be f(w). Let h be 4 - -2 - v - 4*-1. Calculate the greatest common divisor of h and 10.
10
Let y(u) = 13*u**2 + 99*u + 14. Let l be y(-9). Calculate the highest common factor of 112 and l.
16
Let f be (21094/1113)/((-2)/(-6)) + (-1)/(-7). What is the highest common divisor of 589 and f?
19
Let u(s) = -s**2 - 6*s + 248. Let w be u(-16). What is the highest common factor of w and 77?
11
Suppose r + 25 = -4*r. Let x be 45*(-2 - -118*(-1)/r). Suppose x = -9*y + 13*y. What is the highest common divisor of 27 and y?
27
Let q = 2698 + -1658. What is the greatest common divisor of 4784 and q?
208
Let r(v) = -8*v + 40. Let p be r(4). Let i be p*(18/6 - 2). Let q(z) = z**3 + 7*z**2 + 3*z + 5. Let w be q(-5). Calculate the greatest common factor of i and w.
8
Suppose -36045 = -111*p + 9576. Calculate the greatest common divisor of p and 137.
137
Let q(g) = 18*g - 11. Let d(k) = -3*k + 60. Let c be d(19). Let w be q(c). Calculate the highest common factor of 1 and w.
1
Let g = -202 + 64. Let w = 167 + g. What is the highest common divisor of w and 493?
29
Suppose -5 = 3*c - 35. Let f = 3126 + -2821. Calculate the greatest common divisor of c and f.
5
Let y be 0/(-1) - (-92*3/(-12))/(-1). What is the highest common factor of 10649 and y?
23
Suppose 0 = -3*y + 4*z - 0*z + 155, -5*y = -z - 281. Let g = y + 19. What is the highest common divisor of 836 and g?
76
Suppose 4*z + 3*k = -269, 5*z + 2*k = 3*z - 136. Let r be (-26)/z + (-3)/(-5). Suppose 0 = h - 2*h + r. What is the greatest common factor of 8 and h?
1
Suppose x - 8294 = -5*o, -3*x = 2*o - 2642 - 660. What is the highest common divisor of 35 and o?
5
Let o be 4 - (5 + 3)*1*8. Let n be (-10 - 0)*90/o. Calculate the greatest common factor of n and 885.
15
Let q = 52 - 42. Suppose -9*y + q*y = 3. Suppose 5*v - g - 83 = 0, 4*g - y*g = -4*v + 61. What is the greatest common factor of v and 64?
16
Suppose -l + 5*l - 4*r - 484 = 0, 3*r + 603 = 5*l. What is the greatest common divisor of 15 and l?
15
Let m be 1 - -4 - (6 - (-11 + 6))*-7. Calculate the highest common factor of 1927 and m.
41
Let y be (0 + -2)/(14/(-7)). Let s(w) = 372*w**2 + 2*w - 2. Let b be s(y). What is the highest common factor of 12 and b?
12
Suppose 4*r + 6 = 6*r. Suppose 3*g - 381 = -3*s, 0 = 2*s - s - r*g - 147. Let y be (3/(18/s))/(4/2). Calculate the greatest common factor of y and 66.
11
Let p(j) = 55*j + 60 - 20*j**2 + 14*j + 63 - 13*j + 19*j**2. Let m be p(46). Calculate the greatest common factor of m and 22.
11
Suppose 0 = 3*r - r - 80. Let o be -3*-8*5/4. What is the greatest common fact